 Let x = h - -29. What is the units digit of 48/(24/8 + x/(-2))?
6
Suppose 22*t - 123128 = 179570. What is the hundreds digit of t?
7
Let s = -24 + -27. Suppose 39*c - 50*c - 1210 = 0. Let u = s - c. What is the tens digit of u?
5
Let r = 146 - 122. What is the hundreds digit of (-3)/(-1)*56/r*19?
1
Suppose -4*a + 10*o + 13344 = 11*o, 0 = a + o - 3339. What is the thousands digit of a?
3
Let w be (-1)/(3/8)*3213/(-68). Let l = 828 + 22788. What is the hundreds digit of (-6)/14 + l/w?
1
Let h = -5831 - -9311. What is the tens digit of h?
8
Let c(m) = -2*m + 9. Suppose -2*v + 4 = 4*w - 4*v, 2*v = w + 5. Let p be c(w). Suppose 164 = 4*h + 2*y - 0*y, h + p*y = 46. What is the units digit of h?
0
Suppose -5*f = -7553 - 21532. What is the hundreds digit of f?
8
Suppose 8*l - 157 - 579 = 0. Suppose q + 853 - l = 2*k, 4*k + 3*q - 1517 = 0. What is the units digit of k?
0
Let l be -4*(-4)/(-8) - 4/(-2). Suppose 14*a - 6554 + 1724 = l. What is the units digit of a?
5
Suppose -2*z - 2*z = f - 18217, 2*f + 18214 = 4*z. Let p = z - 3216. What is the units digit of p?
8
What is the tens digit of ((-1740)/18 + 13)*-48?
1
Suppose -5*g + 1094 = 2*u, -2*u = -14*g + 15*g - 1086. Let k = u + -258. What is the tens digit of k?
8
Let m = -32 + 119. Suppose -5*j + m = 97. What is the tens digit of (-5008)/(-44) - j/11?
1
Suppose -3 = -3*d + 3. Suppose y = d*y. Suppose z - o - 32 = y, 3*z + 3 = 4*o + 101. What is the tens digit of z?
3
What is the thousands digit of ((-2)/6)/(40/16) + (-1249212)/(-90)?
3
Suppose 0 = -4*c + 4*d + 26952, 3*d = -27 + 36. What is the units digit of c?
1
Let o be -4 - (-1 + -7 - -4). Suppose o = -3*t - 4*c + 279, 4*c = 5*t - 4*t - 77. What is the units digit of t?
9
Let p(n) = -26113*n**3 - 3*n**2 + 125*n + 127. What is the units digit of p(-1)?
2
Suppose 4*d - 19 = -z, -2*d + 42 = 3*z + 15. Suppose 2*i - z*f - 296 = -3*f, 0 = i - 4*f - 144. What is the units digit of i?
2
Suppose 0 = 4*c + 4*g + 16, c + c - 4*g = 4. What is the tens digit of -33 + 35 + (656 - c)?
6
Let u = 12495 - 1372. What is the units digit of u?
3
Let r be (-2)/4*(-33 + 39). What is the units digit of r*4/54 + 9472/18?
6
Let g(a) = 564*a**2 - 55*a + 91. What is the thousands digit of g(11)?
7
Let m(f) = 809*f - 551. What is the tens digit of m(12)?
5
Suppose 3*l = 3*i + 249 - 51, 5*i - 330 = -5*l. Let y be 221/2 + (l/12)/11. Suppose -y = -5*o + w, 3*o + 4*w = 4*o - 7. What is the units digit of o?
3
Let q = -92319 + 135528. What is the hundreds digit of q?
2
Let o(q) = 111*q**2 + 3*q - 2. Let g be o(-2). Suppose 433*j = g*j - 1701. What is the hundreds digit of j?
5
Suppose -k = -c + 12740, -1388*k + 50954 = 4*c - 1391*k. What is the ten thousands digit of c?
1
Let u be -66*(8/(-6))/1. Let s be (216/(-10))/((-428)/(-1070)). Let n = u + s. What is the tens digit of n?
3
Let x be ((-182)/42)/((-2)/(-60)). Let b = x + 377. What is the units digit of b?
7
Suppose 5*i + 5*m + 299 = 1904, -962 = -3*i - 2*m. Let s be 4 + -3 + i + 4. Let z = s - 182. What is the tens digit of z?
4
Suppose 2*i - 2*d + 8 = i, -d = -2*i - 10. Let b be (-6)/8 + (-11)/i*-55. Let z = -70 - b. What is the units digit of z?
2
Suppose -19*r + 45 = -4*r. Suppose 0*p = -p - 3*g + 104, r*p - 312 = -2*g. What is the tens digit of p?
0
Let o(q) = 29*q - 26. Let d be o(10). What is the hundreds digit of (-1846)/(-11) + (-6)/d*-8?
1
Suppose 0 = -2*g - 4*m + 2450, 6149 = 4*g + g + 2*m. Let j = g - 707. What is the tens digit of j?
2
Let c = 161 + -172. Let k(p) = p**3 + 12*p**2 - 4*p + 3. What is the tens digit of k(c)?
6
Suppose -5*f = 6*f + 55. Let m(x) = 12*x + 63. Let a be m(f). Suppose 2*l + a*d - 19 = 0, 3*d - 2*d = -4*l + 23. What is the units digit of l?
5
Suppose u = -0*u + 4. Let f(b) = -20*b**2 + 23*b**2 - 14 + 12*b - u. What is the units digit of f(-10)?
2
Let x(g) be the first derivative of 2*g**2 + 9*g - 39. Let t = -33 - -45. What is the units digit of x(t)?
7
Let c be (-176)/(-84) + 60/(-630). Suppose 4*z + 78 = 2*n, 0 = 2*z - 2 - 6. What is the tens digit of (n - 4)/(3 - c)?
4
Suppose 0*a - 5*a = -15. Suppose 0 = 4*m - 3*t - t + 16, -3*t = -a. What is the tens digit of 2*(1132/24 - (-2)/m)?
9
Suppose 3*j - 21 = 27. Let u(f) = f**3 - 15*f**2 - 16*f - 20. Let g be u(j). What is the hundreds digit of 25/(-2)*-9*(-32)/g?
1
Let c(u) = 59*u**3 + u**2 + u + 2. Let s be c(-1). Let w = 53 - s. Let m = w + -56. What is the units digit of m?
4
Suppose 11*u = 495341 - 35992. What is the thousands digit of u?
1
Let h be 1/1 + -5*5. Suppose 9*x + 61*x + 2800 = 0. Let t = h - x. What is the units digit of t?
6
Suppose 5*j - 176*v = -171*v + 6650, 2*v = 5*j - 6641. What is the tens digit of j?
2
What is the hundreds digit of 98/980 - (-124638)/20?
2
Suppose 3433 = m + 5*y + 1271, -3*m - 5*y = -6446. Suppose 18*g + m = 25*g. What is the tens digit of g?
0
Let y(v) be the first derivative of -3*v**2/2 - 15*v + 12. Let q be y(-12). What is the units digit of q/49 - 2508/(-28)?
0
Let f(u) = 57*u**2 - 12*u + 444. What is the thousands digit of f(-23)?
0
Suppose -2*s - 18 = 7*s. What is the hundreds digit of (-10)/s*(-2618)/(-55) + -4?
2
Suppose -3*r - 2 = 7*t - 2*t, -3*r = 2*t + 8. Let i(a) = -39*a + 18. What is the tens digit of i(r)?
7
Let q(p) = -44*p - 82. Let s be q(-2). Suppose 4*a + 2*y - s*y = 508, -2*y = -4*a + 510. What is the hundreds digit of a?
1
Suppose -2*z + h + 9427 = 0, -3*z = -276*h + 272*h - 14143. What is the tens digit of z?
1
Let m be 11/(-9) + 1 - (-4920)/270. Let u be (4/(-15))/(m/90)*-3. Suppose 15*h - 14*h + j - 141 = 0, 0 = -u*h + 2*j + 594. What is the hundreds digit of h?
1
Let n = 470 - 326. What is the units digit of (6/3 - 4)/((-1)/n)?
8
Let v(n) = -170*n + 40. Let t be v(-3). Let b = t - 179. What is the tens digit of b?
7
Suppose 12*w - 292984 = -111460. What is the ten thousands digit of w?
1
Let i = -443 - -455. Let n(w) = -2*w + 24. Let m(x) = -3*x + 47. Let c(s) = 6*m(s) - 11*n(s). What is the units digit of c(i)?
6
Let h = -37 + 43. Suppose 72 + 18 = h*c. Suppose -c*v - 159 = -18*v. What is the units digit of v?
3
Suppose -24241 = -19*m + 35286. What is the thousands digit of m?
3
Suppose f - 5*y = 16, y + 3*y = 3*f - 103. Let r = 44 - f. Suppose -5*b = -0*b - i - 72, -4*b = -r*i - 51. What is the units digit of b?
5
Suppose 706274 + 632876 = 25*b. What is the units digit of b?
6
Let m = 106 - 82. What is the tens digit of 4 - ((-2574)/m)/(3/12)?
3
Suppose 0 = 2*q + 5*y - 21130, 36*y = -5*q + 40*y + 52792. What is the units digit of q?
0
Let t = -2184 - -5271. What is the tens digit of t?
8
Let j(v) = v**3 - v**2 + 5*v + 303. Let u = 190 + -190. What is the tens digit of j(u)?
0
Suppose -5*c - 190 = -7*c. Suppose 2*p - 2 = 0, -2*l = 2*p + 5 - c. What is the units digit of 10*(1 + l/20)?
2
Suppose 0 = -5*v - v + 96. Suppose 14 + v = 6*m. Suppose 4 = g, m*x + 359 - 1071 = -3*g. What is the hundreds digit of x?
1
Let z(o) = -4 - 9 + 550*o + 537*o**2 - 183*o**2 - 562*o. What is the units digit of z(-1)?
3
Let o(d) = 6*d**2 + 71*d - 1503. What is the hundreds digit of o(-52)?
0
Let z(l) = 21*l + 16. Let p(a) = -5*a - 4. Let k(f) = 9*p(f) + 2*z(f). Let n be k(-2). What is the units digit of 89 - n/(2/3)?
6
Let u(z) = -30*z - 14. Let s(v) = -61*v - 29. Let g(c) = -3*s(c) + 5*u(c). Suppose -3*j + 5*f + 19 = -j, -18 = -3*j + 4*f. What is the units digit of g(j)?
3
Suppose 5*r - 2868 = -4*c - 468, 0 = -r - 4*c + 480. Suppose -22*k = -21*k - r. What is the tens digit of k?
8
Let l be (-2)/10 - (3 - (-308)/35). Let x be 2/4 - 3/(-2). What is the units digit of (l/(-16))/(x*2/528)?
9
Suppose -2*h + 354 = 2*c, -9*h + 369 = -7*h - c. What is the tens digit of (-4)/(-14)*1075 + (-26)/h?
0
Let y(f) = 4*f**3 + 3*f**2 - 8*f + 6. Let c be y(1). Suppose 3*h + 5*x - 3266 = 0, -10*x = 2*h - c*x - 2174. What is the units digit of h?
2
Suppose 391*w = 397*w - 34050. What is the units digit of w?
5
Suppose -4*i = d - 22, -18*d + 3*i + 29 = -17*d. Suppose 0 = d*y - 21*y - 40. What is the units digit of y?
8
Let i = 3564 + -1532. Suppose -6*h + 944 = -i. What is the tens digit of (h/(-20))/(1 + 51/(-45))?
8
Let s(m) = 185*m - 199. What is the tens digit of s(14)?
9
Let h(d) = 5*d**2 - 45*d - 6311. What is the thousands digit of h(-99)?
7
Let s(t) = 330*t + 6009. What is the thousands digit of s(